1. Give z(2).
9
Let v(o) = o**3 - 3*o**2 - 1726*o + 12522. Calculate v(39).
-36
Let c(j) = -892*j**3 - j**2 + 3328*j + 3330. What is c(-1)?
893
Let l(d) = 518*d**2 - 116035*d + 670. Calculate l(224).
-2
Let t(b) = -b**3 - 82*b**2 - 97*b - 763. Calculate t(-81).
533
Let m(b) = 7950*b - 135620. Determine m(17).
-470
Let j(v) = -16*v**3 + 470*v**2 - 218*v - 75. Give j(29).
-1351
Let i(x) = 7*x**2 + 666*x + 6885. Calculate i(-84).
333
Let o(x) = -x**2 - 7263*x - 180947. Calculate o(-25).
3
Let c(j) = 91*j + 42. Determine c(5).
497
Let b(c) = -1885761*c - 11314541. Determine b(-6).
25
Let u(n) = 2*n**3 + 21*n**2 + 2199*n + 2182. What is u(-1)?
2
Let v(u) = -2*u**3 - 284*u**2 + 2396*u - 591. Determine v(-150).
9
Let r(z) = -5*z**2 + 108*z + 755. What is r(-6)?
-73
Let v(z) = 21*z**3 - 226*z**2 - 42*z - 126. What is v(11)?
17
Let x(b) = -9*b**2 - 462*b - 62. Determine x(-50).
538
Let c(j) = -7*j**3 - 33*j**2 - 325*j - 1627. Calculate c(-5).
48
Let n(i) = -458*i**2 - 6832*i + 422. What is n(-15)?
-148
Let s(c) = -7*c**2 + 147*c - 743. Calculate s(8).
-15
Let m(s) = s**3 + 6*s**2 + 948*s + 5663. What is m(-6)?
-25
Let m(h) = 6*h**3 - 274*h**2 + 181*h - 367. What is m(45)?
-322
Let j(z) = -7717*z - 84813. Calculate j(-11).
74
Let g(z) = -8278*z - 198497. Determine g(-24).
175
Let s(y) = 4*y**3 + 339*y**2 + 3965*y + 39. Calculate s(-14).
-3
Let a(f) = 2*f**2 + 399*f + 111. Determine a(-199).
-88
Let s(z) = 47*z**3 - 2*z**2 - 102*z - 100. What is s(-1)?
-47
Let q(t) = -674*t + 54263. Determine q(85).
-3027
Let t(i) = -4525*i - 362101. Give t(-80).
-101
Let g(r) = 370*r**2 - 3270*r - 571. Calculate g(9).
-31
Let p(l) = 434*l - 98536. What is p(227)?
-18
Let d(p) = 2*p**2 + 70*p - 344. Give d(-46).
668
Let d(b) = b**3 + 28*b**2 - 784. What is d(-6)?
8
Let r(a) = -a**3 - 57*a**2 + 17*a + 3524. What is r(-55)?
-3461
Let b(d) = 19*d**2 + 10139*d + 115361. Calculate b(-522).
-1
Let f(a) = -160*a**2 + 74353*a + 21855. Determine f(465).
0
Let g(k) = -6*k**2 - 19227*k - 191647. Calculate g(-10).
23
Let n(c) = 2*c**3 - 493*c**2 - 3999*c + 14. Give n(-8).
-570
Let w(q) = 1057687*q**2 + 8461496*q - 4. What is w(-8)?
-4
Let o(r) = -82205*r + 657749. Calculate o(8).
109
Let i(x) = 3*x**3 + 53*x**2 - 201*x - 3232. Calculate i(-18).
62
Let x(j) = -932*j + 622588. What is x(668)?
12
Let c(b) = -b**3 + 104*b**2 + 439*b - 903. Calculate c(108).
-147
Let n(a) = 6201*a - 117373. What is n(19)?
446
Let q(t) = -796*t + 4956. Give q(5).
976
Let k(h) = 27153*h + 1251. Give k(0).
1251
Let f(n) = -145*n - 948. What is f(-4)?
-368
Let l(s) = -54*s**2 + 31991*s - 13632. Calculate l(592).
-16
Let b(d) = -d**2 + 936*d - 12. Give b(0).
-12
Let v(c) = 73721*c - 5529071. What is v(75)?
4
Let b(x) = 2*x**3 - 19*x**2 - 792*x + 7777. Determine b(10).
-43
Let r(l) = 9*l**2 + 759*l - 3100. What is r(4)?
80
Let y(z) = -4259*z + 68209. Calculate y(16).
65
Let y(n) = 1696*n + 6856. Calculate y(-5).
-1624
Let h(y) = -28*y**3 - 934*y**2 + 615*y + 244. Give h(-34).
142
Let k(g) = 1167222*g + 11672233. Give k(-10).
13
Let l(a) = -248*a**3 - 24307*a**2 - 251*a + 4206. What is l(-98)?
-8
Let g(c) = -3274*c + 73684. What is g(23)?
-1618
Let s(a) = 5*a**2 - 234*a + 4022. Determine s(24).
1286
Let j(x) = -17*x**2 - 239*x + 21. What is j(-14)?
35
Let o(i) = -12*i**2 - 7601*i + 272308. Give o(34).
2
Let t(s) = -5*s**2 + 660*s - 9735. What is t(17)?
40
Let c(k) = k**3 - 75*k**2 - 495*k + 236. Determine c(81).
-493
Let v(w) = -2*w**3 - 150*w**2 + 333*w + 1961. What is v(-77)?
36
Let k(f) = -2*f**2 - 746*f - 41164. What is k(-306)?
-160
Let n(k) = 2*k**2 - 11315*k + 3031779. Calculate n(282).
-3
Let y(x) = x**3 + 360*x**2 + 2471*x - 30. Determine y(-7).
-30
Let p(o) = -144533*o - 867153. Give p(-6).
45
Let q(t) = -86955*t + 608727. Determine q(7).
42
Let b(x) = -642*x + 14068. Give b(22).
-56
Let k(l) = -262*l - 6779. What is k(-26)?
33
Let t(z) = -477718*z + 955431. Determine t(2).
-5
Let m(o) = 3*o**3 + 541*o**2 - 370*o - 1424. Calculate m(-181).
24
Let b(t) = -126*t**2 - 821*t - 51. What is b(-6)?
339
Let n(l) = 331689*l + 2653501. What is n(-8)?
-11
Let k(j) = 150*j**2 - 702*j + 2821. Give k(4).
2413
Let p(f) = f**3 + 752*f**2 + 1438*f + 515915. Give p(-751).
-22
Let d(y) = -y**3 - 21*y**2 - 355*y - 2600. Calculate d(-9).
-377
Let h(i) = -i**3 - 299*i**2 - 6608*i - 2195. Determine h(-275).
5
Let s(q) = q**3 - 193*q**2 - 1176*q + 3476. What is s(-8)?
20
Let o(q) = 6*q**2 - 409*q + 1220. Give o(3).
47
Let p(l) = 31836*l - 1209786. Determine p(38).
-18
Let r(m) = 7*m**2 - 3385*m - 33832. Determine r(-10).
718
Let o(y) = -46*y**2 + 1104*y - 2949. What is o(21)?
-51
Let y(r) = -122*r**2 + 5434*r - 2899. Determine y(44).
5
Let a(r) = 8*r**3 + 7*r**2 + 59*r + 2. Give a(-7).
-2812
Let l(i) = i**3 - 85*i**2 - 329*i - 211. Give l(-3).
-16
Let k(d) = d - 816. Calculate k(-39).
-855
Let o(p) = 89937*p + 449705. Calculate o(-5).
20
Let s(q) = 68431*q - 821147. Calculate s(12).
25
Let l(b) = -b**3 - 6*b**2 - 13*b + 84. Determine l(5).
-256
Let o(r) = -11548*r + 404155. Give o(35).
-25
Let f(i) = -i**2 - 292*i - 21404. What is f(-152)?
-124
Let i(m) = 162489*m + 4224734. What is i(-26)?
20
Let t(w) = -785*w - 3674. Give t(-4).
-534
Let d(r) = -85429*r - 12643485. What is d(-148)?
7
Let n(b) = -b**3 - 86*b**2 - 1283*b + 48. Determine n(-19).
238
Let j(x) = -1284*x - 101429. Calculate j(-79).
7
Let j(r) = -15*r**2 + 353*r + 354. What is j(-1)?
-14
Let u(b) = -142*b**2 - 28*b - 175. What is u(-3)?
-1369
Let y(p) = -p**2 + 97*p + 1213. Determine y(-14).
-341
Let f(r) = -54*r**3 - 42441*r**2 + 2343*r - 11792. What is f(-786)?
-2
Let u(o) = -o**3 + 119*o**2 + 486*o - 96780. Give u(116).
-36
Let t(z) = z**3 - 746*z**2 - 4579*z - 407. What is t(-6)?
-5
Let m(c) = 15*c**2 + 198*c - 15. Calculate m(-16).
657
Let j(p) = 67*p**2 - 2109*p - 22849. What is j(40)?
-9
Let n(v) = 537*v - 575. What is n(1)?
-38
Let l(b) = -2*b**3 - 63*b**2 - 28*b + 141. Give l(-31).
48
Let j(a) = 180*a - 39769. Calculate j(221).
11
Let b(j) = -j**3 - 117*j**2 - 2423*j + 11331. What is b(-88)?
-21
Let d(a) = a**2 - 415*a - 74033. Give d(550).
217
Let h(u) = -7*u**3 + 1116*u**2 - 487*u + 1610. Determine h(159).
20
Let s(y) = 3*y**2 - 1147*y - 7998. Give s(-7).
178
Let i(m) = m**3 - 321*m**2 + 951*m - 99875. Calculate i(319).
-28
Let s(a) = 77*a - 4097. Give s(52).
-93
Let i(d) = -d**3 - 12*d**2 - 311*d - 839. Give i(-3).
13
Let x(z) = -z**3 - 25*z**2 - 1334*z - 37361. Give x(-27).
115
Let d(g) = 695*g**2 - 2782*g + 2. What is d(4)?
-6
Let t(b) = 8844*b + 857871. Calculate t(-97).
3
Let y(n) = -3*n**2 + 303*n + 385. Determine y(100).
685
Let g(j) = j**3 - 6*j**2 - 132*j + 949. What is g(9)?
4
Let b(f) = -3*f**3 + 1101*f**2 - 24710*f + 4809. What is b(343)?
7
Let h(d) = -175*d**2 + 3139*d + 209. Give h(18).
11
Let i(c) = 13*c**3 - 1432*c**2 + 222*c + 554. What is i(110)?
774
Let x(u) = -15*u**3 - 5883*u**2 - 1195*u - 7498. Determine x(-392).
-50
Let c(o) = -2*o**2 + 18870*o + 529923. Determine c(-28).
-5
Let k(p) = -7237*p - 79600. What is k(-11)?
7
Let r(t) = -28*t**3 + 310*t**2 - 6*t - 114. What is r(11)?
62
Let p(i) = -3*i**3 - 29*i**2 + 23*i + 145. Calculate p(-10).
15
Let i(w) = 183*w - 48396. Determine i(265).
99
Let f(l) = -22171*l - 687361. Determine f(-31).
-60
Let f(i) = 3281*i - 167484. Give f(51).
-153
Let a(d) = 2*d**2 + 374*d - 2721. What is a(7)?
-5
Let x(u) = -u**2 + 94*u + 12918. Determine x(-76).
-2
Let v(s) = -s**3 + 67*s**2 - 362*s + 10923. Calculate v(64).
43
Let l(h) = h**2 - 9824*h - 58949. Determine l(-6).
31
Let m(l) = -389*l**2 - 27970*l + 2704. Calculate m(-72).
-32
Let p(b) = 2*b**3 + 2365*b**2 + 10589*b - 15283. Calculate p(-1178).
31
Let g(c) = -84*c**2 + 165*c - 166. Calculate g(1).
-85
Let k(r) = -r**3 - 50*r**2 - 986*r - 20148. Give k(-38).
-8
Let v(y) = y**3 + 104*y**2 - 143*y - 3864. Calculate v(-105).
126
Let p(q) = -448*q - 31117. Determine p(-64).
-2445
Let o(j) = -2710*j + 1525737. Calculate o(563).
7
Let u(w) = -3*w**3 - 6*w**2 - w - 266. Give u(0).
-266
Let d(n) = n**3 + 27*n**2 + 213*n + 5. Calculate d(-16).
-587
Let r(z) = -2*z**3 + 16*z**2 + 79*z - 203. Calculate r(10).
187
Let t(m) = 1677*m + 318626. Determine t(-190).
-4
Let w(v) = -7*v**2 - 27212*v - 244341. Give w(-9).
0
Let f(a) = 229*a**3 + 17*a**2 + 51*a